{"id":171,"date":"2022-05-25T10:45:03","date_gmt":"2022-05-25T08:45:03","guid":{"rendered":"https:\/\/www.pokapok.org\/?page_id=171"},"modified":"2023-10-18T10:43:06","modified_gmt":"2023-10-18T08:43:06","slug":"our-team","status":"publish","type":"page","link":"https:\/\/www.pokapok.org\/index.php\/en\/our-team\/","title":{"rendered":"Our team"},"content":{"rendered":"\t\t<div data-elementor-type=\"wp-page\" data-elementor-id=\"171\" class=\"elementor elementor-171\">\n\t\t\t\t\t\t<section class=\"elementor-section elementor-top-section elementor-element elementor-element-432839d elementor-section-boxed elementor-section-height-default elementor-section-height-default elementor-invisible\" data-id=\"432839d\" data-element_type=\"section\" data-settings=\"{&quot;animation&quot;:&quot;fadeIn&quot;}\">\n\t\t\t\t\t\t<div class=\"elementor-container elementor-column-gap-default\">\n\t\t\t\t\t<div class=\"elementor-column elementor-col-100 elementor-top-column elementor-element elementor-element-9e4a5d2\" data-id=\"9e4a5d2\" data-element_type=\"column\">\n\t\t\t<div class=\"elementor-widget-wrap elementor-element-populated\">\n\t\t\t\t\t\t<div class=\"elementor-element elementor-element-4648506 elementor-tabs-view-vertical elementor-widget elementor-widget-tabs\" data-id=\"4648506\" data-element_type=\"widget\" data-widget_type=\"tabs.default\">\n\t\t\t\t<div class=\"elementor-widget-container\">\n\t\t\t\t\t\t\t<div class=\"elementor-tabs\">\n\t\t\t<div class=\"elementor-tabs-wrapper\" role=\"tablist\" >\n\t\t\t\t\t\t\t\t\t<div id=\"elementor-tab-title-7361\" class=\"elementor-tab-title elementor-tab-desktop-title\" aria-selected=\"true\" data-tab=\"1\" role=\"tab\" tabindex=\"0\" aria-controls=\"elementor-tab-content-7361\" aria-expanded=\"false\">J\u00e9r\u00f4me Gourrion<\/div>\n\t\t\t\t\t\t\t\t\t<div id=\"elementor-tab-title-7362\" class=\"elementor-tab-title elementor-tab-desktop-title\" aria-selected=\"false\" data-tab=\"2\" role=\"tab\" tabindex=\"-1\" aria-controls=\"elementor-tab-content-7362\" aria-expanded=\"false\">Delphine Leroy<\/div>\n\t\t\t\t\t\t\t\t\t<div id=\"elementor-tab-title-7363\" class=\"elementor-tab-title elementor-tab-desktop-title\" aria-selected=\"false\" data-tab=\"3\" role=\"tab\" tabindex=\"-1\" aria-controls=\"elementor-tab-content-7363\" aria-expanded=\"false\">Virginie Racap\u00e9<\/div>\n\t\t\t\t\t\t\t\t\t<div id=\"elementor-tab-title-7364\" class=\"elementor-tab-title elementor-tab-desktop-title\" aria-selected=\"false\" data-tab=\"4\" role=\"tab\" tabindex=\"-1\" aria-controls=\"elementor-tab-content-7364\" aria-expanded=\"false\">Cl\u00e9ment Weber<\/div>\n\t\t\t\t\t\t\t\t\t<div id=\"elementor-tab-title-7365\" class=\"elementor-tab-title elementor-tab-desktop-title\" aria-selected=\"false\" data-tab=\"5\" role=\"tab\" tabindex=\"-1\" aria-controls=\"elementor-tab-content-7365\" aria-expanded=\"false\">Alban Sizun<\/div>\n\t\t\t\t\t\t\t\t\t<div id=\"elementor-tab-title-7366\" class=\"elementor-tab-title elementor-tab-desktop-title\" aria-selected=\"false\" data-tab=\"6\" role=\"tab\" tabindex=\"-1\" aria-controls=\"elementor-tab-content-7366\" aria-expanded=\"false\">Yann Reynaud<\/div>\n\t\t\t\t\t\t\t\t\t<div id=\"elementor-tab-title-7367\" class=\"elementor-tab-title elementor-tab-desktop-title\" aria-selected=\"false\" data-tab=\"7\" role=\"tab\" tabindex=\"-1\" aria-controls=\"elementor-tab-content-7367\" aria-expanded=\"false\">External co-workers<\/div>\n\t\t\t\t\t\t\t\t\t<div id=\"elementor-tab-title-7368\" class=\"elementor-tab-title elementor-tab-desktop-title\" aria-selected=\"false\" data-tab=\"8\" role=\"tab\" tabindex=\"-1\" aria-controls=\"elementor-tab-content-7368\" aria-expanded=\"false\">Former employees<\/div>\n\t\t\t\t\t\t\t\t\t<div id=\"elementor-tab-title-7369\" class=\"elementor-tab-title elementor-tab-desktop-title\" aria-selected=\"false\" data-tab=\"9\" role=\"tab\" tabindex=\"-1\" aria-controls=\"elementor-tab-content-7369\" aria-expanded=\"false\">Titre de l\u2019onglet<\/div>\n\t\t\t\t\t\t\t<\/div>\n\t\t\t<div class=\"elementor-tabs-content-wrapper\" role=\"tablist\" aria-orientation=\"vertical\">\n\t\t\t\t\t\t\t\t\t<div class=\"elementor-tab-title elementor-tab-mobile-title\" aria-selected=\"true\" data-tab=\"1\" role=\"tab\" tabindex=\"0\" aria-controls=\"elementor-tab-content-7361\" aria-expanded=\"false\">J\u00e9r\u00f4me Gourrion<\/div>\n\t\t\t\t\t<div id=\"elementor-tab-content-7361\" class=\"elementor-tab-content elementor-clearfix\" data-tab=\"1\" role=\"tabpanel\" aria-labelledby=\"elementor-tab-title-7361\" tabindex=\"0\" hidden=\"false\"><p><img fetchpriority=\"high\" decoding=\"async\" class=\"wp-image-1328 size-medium aligncenter\" src=\"https:\/\/www.pokapok.org\/wp-content\/uploads\/2023\/02\/Jerome-modified-300x300.png\" alt=\"\" width=\"300\" height=\"300\" srcset=\"https:\/\/www.pokapok.org\/wp-content\/uploads\/2023\/02\/Jerome-modified-300x300.png 300w, https:\/\/www.pokapok.org\/wp-content\/uploads\/2023\/02\/Jerome-modified-1024x1024.png 1024w, https:\/\/www.pokapok.org\/wp-content\/uploads\/2023\/02\/Jerome-modified-150x150.png 150w, https:\/\/www.pokapok.org\/wp-content\/uploads\/2023\/02\/Jerome-modified-768x768.png 768w, https:\/\/www.pokapok.org\/wp-content\/uploads\/2023\/02\/Jerome-modified-1536x1536.png 1536w, https:\/\/www.pokapok.org\/wp-content\/uploads\/2023\/02\/Jerome-modified-2048x2048.png 2048w, https:\/\/www.pokapok.org\/wp-content\/uploads\/2023\/02\/Jerome-modified-2000x2000.png 2000w\" sizes=\"(max-width: 300px) 100vw, 300px\" \/><\/p><p style=\"text-align: center;\"><a href=\"https:\/\/orcid.org\/0000-0002-8766-5843\" target=\"_blank\" rel=\"noopener\">Orcid &#8211; <\/a><a href=\"https:\/\/www.pokapok.org\/wp-content\/uploads\/2022\/05\/CV_JeromeGourrion_Sept2021.pdf\" target=\"_blank\" rel=\"noopener\">CV<\/a><\/p><blockquote><p>If I discovered, as a young adult, my passion and respect for the sea through the discovery of sail cruising in the Mediterranean Sea, it was by leaving my native Var at 23 years old to follow a university training in Oceanography that I began to fully invest in this profession. Little by little, after many phases of learning (obviously longer than common &#8230;), I have the feeling that I have built up a modest but solid and varied experience with time.<\/p><p>My boys made me grow up, life taught me a lot and continues to do so; I have been for several years particularly interested in the mechanisms allowing (or preventing) the implementation of collective functioning, i.e. a conjunction of human behaviors, in the respect and control of their emotions, which can eventually lead to exceeding the laws of arithmetic, 1+1 being able finally to do much more than 2. Catalyzing constructive energies, deconstructing various injunctions to better reconstruct inter-individual functioning, is certainly an important part of my research approach both in my work and in my daily social life.<\/p><p>As far as the world of work is concerned, and after an initial failed attempt late and painfully, we have been initiating with Virginie from our different experiences a new cooperative project since mid-2021 named POKAPOK. I am now fullfilled with the enthusiasm, human intelligence and energy that my colleagues at POKAPOK are investing in their turn in this promising new cooperative project in which we aim to shape our well-being at work and modestly increase our productive strength for the benefit of the major environmental issues of our time.<\/p><\/blockquote><\/div>\n\t\t\t\t\t\t\t\t\t<div class=\"elementor-tab-title elementor-tab-mobile-title\" aria-selected=\"false\" data-tab=\"2\" role=\"tab\" tabindex=\"-1\" aria-controls=\"elementor-tab-content-7362\" aria-expanded=\"false\">Delphine Leroy<\/div>\n\t\t\t\t\t<div id=\"elementor-tab-content-7362\" class=\"elementor-tab-content elementor-clearfix\" data-tab=\"2\" role=\"tabpanel\" aria-labelledby=\"elementor-tab-title-7362\" tabindex=\"0\" hidden=\"hidden\"><p><img decoding=\"async\" class=\"size-medium wp-image-730 aligncenter\" src=\"https:\/\/www.pokapok.org\/wp-content\/uploads\/2022\/08\/Delphine-300x300.png\" alt=\"\" width=\"300\" height=\"300\" srcset=\"https:\/\/www.pokapok.org\/wp-content\/uploads\/2022\/08\/Delphine-300x300.png 300w, https:\/\/www.pokapok.org\/wp-content\/uploads\/2022\/08\/Delphine-150x150.png 150w, https:\/\/www.pokapok.org\/wp-content\/uploads\/2022\/08\/Delphine.png 500w\" sizes=\"(max-width: 300px) 100vw, 300px\" \/><\/p>\n<p><\/p>\n<p style=\"text-align: center;\"><a href=\"https:\/\/orcid.org\/0000-0002-2949-496X\" target=\"_blank\" rel=\"noopener\">Orcid &#8211; <\/a><a href=\"https:\/\/www.pokapok.org\/wp-content\/uploads\/2022\/05\/CV-2022-01-Europass_D-Leroy.pdf\" target=\"_blank\" rel=\"noopener\">CV<\/a><\/p>\n<blockquote>\n<p><em>Born in a land of volcanoes, I like looking at the sky and the clouds, trying to catch suitable conditions for flying. Thus, I started studying atmospheric sciences and I ended with a PhD in cloud modeling. I like playing with data, coming either from numerical simulations or measurement devices. I can spend hours developing procedures and tools to visualize, compare and study data in detail, trying to get out of them the most information I can. Today, I started to improve my knowledge about the whole earth system by working on ocean related topics. A motivating new challenge !&nbsp; <\/em><\/p><\/blockquote><\/div>\n\t\t\t\t\t\t\t\t\t<div class=\"elementor-tab-title elementor-tab-mobile-title\" aria-selected=\"false\" data-tab=\"3\" role=\"tab\" tabindex=\"-1\" aria-controls=\"elementor-tab-content-7363\" aria-expanded=\"false\">Virginie Racap\u00e9<\/div>\n\t\t\t\t\t<div id=\"elementor-tab-content-7363\" class=\"elementor-tab-content elementor-clearfix\" data-tab=\"3\" role=\"tabpanel\" aria-labelledby=\"elementor-tab-title-7363\" tabindex=\"0\" hidden=\"hidden\"><img decoding=\"async\" class=\"size-medium wp-image-698 aligncenter\" src=\"https:\/\/www.pokapok.org\/wp-content\/uploads\/2022\/08\/Virginie1-2-300x300.png\" alt=\"\" width=\"300\" height=\"300\" srcset=\"https:\/\/www.pokapok.org\/wp-content\/uploads\/2022\/08\/Virginie1-2-300x300.png 300w, https:\/\/www.pokapok.org\/wp-content\/uploads\/2022\/08\/Virginie1-2-150x150.png 150w, https:\/\/www.pokapok.org\/wp-content\/uploads\/2022\/08\/Virginie1-2.png 500w\" sizes=\"(max-width: 300px) 100vw, 300px\" \/>\n<p style=\"text-align: center;\"><a href=\"https:\/\/orcid.org\/0000-0003-0239-5125?lang=en\" target=\"_blank\" rel=\"noopener\">Orcid &#8211; <\/a><a href=\"https:\/\/www.pokapok.org\/wp-content\/uploads\/2022\/05\/CV_VirginieRacape_Feb2022.pdf\" target=\"_blank\" rel=\"noopener\">CV<\/a><\/p>\n\n<blockquote>A mission to <b>B<\/b>enin, campaigns at sea in the <b>G<\/b>reat South, a thesis on the <b>C<\/b>arbon cycle in Paris, etc. In the end, I settled down in <b>B<\/b>rittany where I started working on the Ar<b>G<\/b>o floats and the <b>C<\/b>oriolis database.\n\nAfter spending a <b>B<\/b>it of time <b>G<\/b>aining experience as a research engineer, I decided to <b>C<\/b>o-found the SCOP POKaPOK with J\u00e9rome. Excited by this new project, I am now ready to take up many <b>B<\/b>eautiful and <b>G<\/b>reat <b>C<\/b>hallenges !\n\nAnd, when I\u2019m not busy with ancillary tasks (<b>B<\/b>usiness stuff, Administrative Management, <b>G<\/b>eneral assembly of various projects, Coffee Supply), I like <b>B<\/b>uilding <b>G<\/b>orgeous sand <b>C<\/b>astles at the <b>B<\/b>each, talking about my <b>G<\/b>arden, and reading <b>C<\/b>omics.\n\nIn short, all this would almost make me believe that I was really destined to specialize in <b>B<\/b>io <b>G<\/b>eo marine <b>C<\/b>hemistry ;-)!<\/blockquote>\n<p dir=\"ltr\" style=\"text-align: center;\"><\/p><\/div>\n\t\t\t\t\t\t\t\t\t<div class=\"elementor-tab-title elementor-tab-mobile-title\" aria-selected=\"false\" data-tab=\"4\" role=\"tab\" tabindex=\"-1\" aria-controls=\"elementor-tab-content-7364\" aria-expanded=\"false\">Cl\u00e9ment Weber<\/div>\n\t\t\t\t\t<div id=\"elementor-tab-content-7364\" class=\"elementor-tab-content elementor-clearfix\" data-tab=\"4\" role=\"tabpanel\" aria-labelledby=\"elementor-tab-title-7364\" tabindex=\"0\" hidden=\"hidden\"><p><img loading=\"lazy\" decoding=\"async\" class=\"size-medium wp-image-734 aligncenter\" src=\"https:\/\/www.pokapok.org\/wp-content\/uploads\/2022\/08\/Clement1-300x300.png\" alt=\"\" width=\"300\" height=\"300\" srcset=\"https:\/\/www.pokapok.org\/wp-content\/uploads\/2022\/08\/Clement1-300x300.png 300w, https:\/\/www.pokapok.org\/wp-content\/uploads\/2022\/08\/Clement1-150x150.png 150w, https:\/\/www.pokapok.org\/wp-content\/uploads\/2022\/08\/Clement1.png 500w\" sizes=\"(max-width: 300px) 100vw, 300px\" \/><\/p><p style=\"text-align: center;\"><a href=\"https:\/\/orcid.org\/0000-0003-4346-0173\" target=\"_blank\" rel=\"noopener\">Orcid<\/a> &#8211; <a href=\"https:\/\/www.pokapok.org\/wp-content\/uploads\/2022\/10\/CV_WEBER_202210.pdf\">CV<\/a><\/p><blockquote><p>Newly landed in the adventure, I come in support of the construction and exploitation of the in-situ measurement database developed at POKaPOK.<\/p><p>Coming from a theoretical training in physical oceanography begun in Paris and completed in the Great West, I have finally more often my hands in technical issues than my head in research. Indeed, although my previous mission sent me into space with Earth observation satellites (Sentinel), it is with the ocean that my heart comes alive. I particularly enjoy studying it and, for example, learning more about the circulation, current and sargasso or plastic drift.\u00a0<\/p><p>But as swimming is not only reserved for algae and other petrochemical derivatives, it is not impossible to meet me in good weather, floating happily a few meters from the shore as well.<\/p><\/blockquote><\/div>\n\t\t\t\t\t\t\t\t\t<div class=\"elementor-tab-title elementor-tab-mobile-title\" aria-selected=\"false\" data-tab=\"5\" role=\"tab\" tabindex=\"-1\" aria-controls=\"elementor-tab-content-7365\" aria-expanded=\"false\">Alban Sizun<\/div>\n\t\t\t\t\t<div id=\"elementor-tab-content-7365\" class=\"elementor-tab-content elementor-clearfix\" data-tab=\"5\" role=\"tabpanel\" aria-labelledby=\"elementor-tab-title-7365\" tabindex=\"0\" hidden=\"hidden\"><img loading=\"lazy\" decoding=\"async\" class=\"wp-image-1306 size-medium aligncenter\" src=\"https:\/\/www.pokapok.org\/wp-content\/uploads\/2023\/02\/Alban_modified-300x300.png\" alt=\"\" width=\"300\" height=\"300\" srcset=\"https:\/\/www.pokapok.org\/wp-content\/uploads\/2023\/02\/Alban_modified-300x300.png 300w, https:\/\/www.pokapok.org\/wp-content\/uploads\/2023\/02\/Alban_modified-1024x1024.png 1024w, https:\/\/www.pokapok.org\/wp-content\/uploads\/2023\/02\/Alban_modified-150x150.png 150w, https:\/\/www.pokapok.org\/wp-content\/uploads\/2023\/02\/Alban_modified-768x768.png 768w, https:\/\/www.pokapok.org\/wp-content\/uploads\/2023\/02\/Alban_modified-1536x1536.png 1536w, https:\/\/www.pokapok.org\/wp-content\/uploads\/2023\/02\/Alban_modified-2048x2048.png 2048w, https:\/\/www.pokapok.org\/wp-content\/uploads\/2023\/02\/Alban_modified-2000x2000.png 2000w\" sizes=\"(max-width: 300px) 100vw, 300px\" \/>\n<p style=\"text-align: center;\"><a href=\"https:\/\/www.pokapok.org\/wp-content\/uploads\/2023\/02\/2022-04-CV-ALBAN-SIZUN-FR.pdf\" target=\"_blank\" rel=\"noopener\">CV<\/a><\/p>\n\n<blockquote>\nI&rsquo;ve always been from Brest at the western end of Brittany, like a \u00ab\u00a0<a href=\"https:\/\/en.wiktionary.org\/wiki\/bernique\">Brennig<\/a>\u00a0\u00bb shellfish stuck to its granite rock. I am curious by nature. I am quite a handyman and I really love giving a second life to old things. I have a mainly self-taught background in various techniques related to systems and software development. I felt good vibes coming from the technopole, I had the same wave lenght, so .. I knocked at Pokapok.\n\nMy mission is to improve my collaborators cosiness. I intend to do so by cooking a sweet work environment with sliced onions and a drizzle of cloud sauce on top of that. Also on the menu: code refactoring toasts, reusability jam, pair programming cream, and so on&#8230;\n<\/blockquote><\/div>\n\t\t\t\t\t\t\t\t\t<div class=\"elementor-tab-title elementor-tab-mobile-title\" aria-selected=\"false\" data-tab=\"6\" role=\"tab\" tabindex=\"-1\" aria-controls=\"elementor-tab-content-7366\" aria-expanded=\"false\">Yann Reynaud<\/div>\n\t\t\t\t\t<div id=\"elementor-tab-content-7366\" class=\"elementor-tab-content elementor-clearfix\" data-tab=\"6\" role=\"tabpanel\" aria-labelledby=\"elementor-tab-title-7366\" tabindex=\"0\" hidden=\"hidden\"><p>Yann Reynaud<\/p><\/div>\n\t\t\t\t\t\t\t\t\t<div class=\"elementor-tab-title elementor-tab-mobile-title\" aria-selected=\"false\" data-tab=\"7\" role=\"tab\" tabindex=\"-1\" aria-controls=\"elementor-tab-content-7367\" aria-expanded=\"false\">External co-workers<\/div>\n\t\t\t\t\t<div id=\"elementor-tab-content-7367\" class=\"elementor-tab-content elementor-clearfix\" data-tab=\"7\" role=\"tabpanel\" aria-labelledby=\"elementor-tab-title-7367\" tabindex=\"0\" hidden=\"hidden\"><h2>Dorian Fouquier<\/h2><p>\u00a0<\/p><p><img loading=\"lazy\" decoding=\"async\" class=\"alignnone size-medium wp-image-1181\" src=\"https:\/\/www.pokapok.org\/wp-content\/uploads\/2022\/10\/dorian-300x300.jpeg\" alt=\"\" width=\"300\" height=\"300\" srcset=\"https:\/\/www.pokapok.org\/wp-content\/uploads\/2022\/10\/dorian-300x300.jpeg 300w, https:\/\/www.pokapok.org\/wp-content\/uploads\/2022\/10\/dorian-150x150.jpeg 150w, https:\/\/www.pokapok.org\/wp-content\/uploads\/2022\/10\/dorian.jpeg 450w\" sizes=\"(max-width: 300px) 100vw, 300px\" \/><\/p><p align=\"justify\"><em>After a 6-month mission abroad to design and implement a real time data storage system and 1 degree from exia.cesi, I was quickly recruited by Altran.<\/em><\/p><p align=\"justify\"><em>This French company will offer me great opportunities, including a long mission at Intel to develop a custom desktop application for the company\u2019s thermal engineers.\u00a0<\/em><\/p><p align=\"justify\"><em>After several years in this consulting company, the desire to develop my own business is growing, I decided to take advantage of a new experimentation with POKaPOK before launching my own project..<\/em><\/p><p align=\"justify\"><em>For this new mission at POKaPOK, I am responsible for both development of the in-situ measurement database and their exploitation in a visualization tool, which has ability to edit\/backup updated data to database or new files.<\/em><\/p><p align=\"justify\"><em>I spend most of my free time walking with my two bitches, Pixel and Toffee, who love water and the great outdoors.<\/em><\/p><p>\u00a0<\/p><h2>Stiven Guillaume<\/h2><p>\u00a0<\/p><p><img loading=\"lazy\" decoding=\"async\" class=\"alignnone size-medium wp-image-1193\" src=\"https:\/\/www.pokapok.org\/wp-content\/uploads\/2022\/10\/stiven-300x297.png\" alt=\"\" width=\"300\" height=\"297\" srcset=\"https:\/\/www.pokapok.org\/wp-content\/uploads\/2022\/10\/stiven-300x297.png 300w, https:\/\/www.pokapok.org\/wp-content\/uploads\/2022\/10\/stiven-150x150.png 150w, https:\/\/www.pokapok.org\/wp-content\/uploads\/2022\/10\/stiven.png 343w\" sizes=\"(max-width: 300px) 100vw, 300px\" \/><\/p><\/div>\n\t\t\t\t\t\t\t\t\t<div class=\"elementor-tab-title elementor-tab-mobile-title\" aria-selected=\"false\" data-tab=\"8\" role=\"tab\" tabindex=\"-1\" aria-controls=\"elementor-tab-content-7368\" aria-expanded=\"false\">Former employees<\/div>\n\t\t\t\t\t<div id=\"elementor-tab-content-7368\" class=\"elementor-tab-content elementor-clearfix\" data-tab=\"8\" role=\"tabpanel\" aria-labelledby=\"elementor-tab-title-7368\" tabindex=\"0\" hidden=\"hidden\"><h2>Brendan Hennebaut<\/h2><p><img loading=\"lazy\" decoding=\"async\" class=\"size-medium wp-image-703 aligncenter\" src=\"https:\/\/www.pokapok.org\/wp-content\/uploads\/2022\/08\/Brendan1-300x300.png\" alt=\"\" width=\"300\" height=\"300\" srcset=\"https:\/\/www.pokapok.org\/wp-content\/uploads\/2022\/08\/Brendan1-300x300.png 300w, https:\/\/www.pokapok.org\/wp-content\/uploads\/2022\/08\/Brendan1-150x150.png 150w, https:\/\/www.pokapok.org\/wp-content\/uploads\/2022\/08\/Brendan1.png 500w\" sizes=\"(max-width: 300px) 100vw, 300px\" \/><\/p><p style=\"text-align: center;\"><a href=\"https:\/\/www.pokapok.org\/wp-content\/uploads\/2022\/08\/CV-HENNEBAUT-Brendan-2022-VF.pdf\" target=\"_blank\" rel=\"noopener\">CV<\/a><\/p><blockquote><p>Demat ! Mat ar jeu ?<\/p><p>I introduce myself, Brendan, Ty-zef, and proud of it! Passionate about the marine environment, I have always had this desire to discover and understand this ecosystem still unknown to the general public! I have focused my young career on this vocation\/this desire\/this objective and I obtained a Master\u2019s degree in Marine Sciences at the University of Caen. I am currently involved in a project that aims to set up an information system (database) capable of managing the traceability, in time and space, of biological samples kept at Ifremer (<a href=\"https:\/\/www.pokapok.org\/index.php\/en\/archive-our-projects\/\" rel=\"noopener\">MORSE<\/a> project).<\/p><p>This project, very lively and stimulating, allows me to meet the Ifremer laboratories in order to analyze the existing situation and the needs in terms of banking services. I also have to define the data flows and support users in banking the traceability metadata associated with their biological samples. Finally, I also assist project leaders in the regulatory processes (APA, CITES, etc\u2026). I was going to forget\u2026. As soon as I\u2019m not taken up by MORSE, you can meet myself along the coastal path! Kenavo ar wech all!\u00a0<\/p><\/blockquote><\/div>\n\t\t\t\t\t\t\t\t\t<div class=\"elementor-tab-title elementor-tab-mobile-title\" aria-selected=\"false\" data-tab=\"9\" role=\"tab\" tabindex=\"-1\" aria-controls=\"elementor-tab-content-7369\" aria-expanded=\"false\">Titre de l\u2019onglet<\/div>\n\t\t\t\t\t<div id=\"elementor-tab-content-7369\" class=\"elementor-tab-content elementor-clearfix\" data-tab=\"9\" role=\"tabpanel\" aria-labelledby=\"elementor-tab-title-7369\" tabindex=\"0\" hidden=\"hidden\">Contenu de l\u2019onglet<\/div>\n\t\t\t\t\t\t\t<\/div>\n\t\t<\/div>\n\t\t\t\t\t\t<\/div>\n\t\t\t\t<\/div>\n\t\t\t\t\t<\/div>\n\t\t<\/div>\n\t\t\t\t\t<\/div>\n\t\t<\/section>\n\t\t\t\t<\/div>\n\t\t","protected":false},"excerpt":{"rendered":"<p>J\u00e9r\u00f4me Gourrion Delphine Leroy Virginie Racap\u00e9 Cl\u00e9ment Weber Alban Sizun Yann Reynaud External co-workers Former employees Titre de l\u2019onglet J\u00e9r\u00f4me Gourrion Orcid &#8211; CV If I discovered, as a young adult, my passion and respect for the sea through the discovery of sail cruising in the Mediterranean Sea, it was by leaving my native Var &hellip; <\/p>\n<p class=\"link-more\"><a href=\"https:\/\/www.pokapok.org\/index.php\/en\/our-team\/\" class=\"more-link\">Lire la suite de<span class=\"screen-reader-text\">\u00ab\u00a0Our team\u00a0\u00bb<\/span><\/a><\/p>\n","protected":false},"author":1,"featured_media":500,"parent":0,"menu_order":0,"comment_status":"closed","ping_status":"closed","template":"","meta":{"footnotes":""},"class_list":["post-171","page","type-page","status-publish","has-post-thumbnail","hentry"],"_links":{"self":[{"href":"https:\/\/www.pokapok.org\/index.php\/wp-json\/wp\/v2\/pages\/171","targetHints":{"allow":["GET"]}}],"collection":[{"href":"https:\/\/www.pokapok.org\/index.php\/wp-json\/wp\/v2\/pages"}],"about":[{"href":"https:\/\/www.pokapok.org\/index.php\/wp-json\/wp\/v2\/types\/page"}],"author":[{"embeddable":true,"href":"https:\/\/www.pokapok.org\/index.php\/wp-json\/wp\/v2\/users\/1"}],"replies":[{"embeddable":true,"href":"https:\/\/www.pokapok.org\/index.php\/wp-json\/wp\/v2\/comments?post=171"}],"version-history":[{"count":119,"href":"https:\/\/www.pokapok.org\/index.php\/wp-json\/wp\/v2\/pages\/171\/revisions"}],"predecessor-version":[{"id":1630,"href":"https:\/\/www.pokapok.org\/index.php\/wp-json\/wp\/v2\/pages\/171\/revisions\/1630"}],"wp:featuredmedia":[{"embeddable":true,"href":"https:\/\/www.pokapok.org\/index.php\/wp-json\/wp\/v2\/media\/500"}],"wp:attachment":[{"href":"https:\/\/www.pokapok.org\/index.php\/wp-json\/wp\/v2\/media?parent=171"}],"curies":[{"name":"wp","href":"https:\/\/api.w.org\/{rel}","templated":true}]}}